{"id":45,"date":"2024-06-25T22:53:28","date_gmt":"2024-06-26T01:53:28","guid":{"rendered":"https:\/\/cecor.eba.ufmg.br\/hub-brasil-iic\/?page_id=45"},"modified":"2024-06-25T22:53:28","modified_gmt":"2024-06-26T01:53:28","slug":"sobre","status":"publish","type":"page","link":"https:\/\/cecor.eba.ufmg.br\/hub-brasil-iic\/sobre\/","title":{"rendered":"Sobre"},"content":{"rendered":"\n<p class=\"has-medium-font-size\">O Instituto Internacional para a Conserva\u00e7\u00e3o de Obras Hist\u00f3ricas e Art\u00edsticas (IIC) e o Centro de Pesquisa para a Conserva\u00e7\u00e3o do Patrim\u00f4nio da Universidade de Engenharia e Tecnologia (UTEC) em Lima t\u00eam o prazer de anunciar que o 30\u00ba Congresso Bienal do IIC 2024 ser\u00e1 realizado em Lima, Peru, e transmitido online.<\/p>\n\n\n\n<p class=\"has-medium-font-size\"><strong>Tema do Congresso: Solu\u00e7\u00f5es Sustent\u00e1veis para a Conserva\u00e7\u00e3o: Novas Estrat\u00e9gias para Novos Tempos<\/strong><\/p>\n\n\n\n<p class=\"has-medium-font-size\">Este congresso h\u00edbrido visa promover um evento mais sustent\u00e1vel e acess\u00edvel, estendendo seu alcance global por meio de hubs virtuais e locais. O congresso abordar\u00e1 as disparidades no campo da conserva\u00e7\u00e3o, exacerbadas pelas mudan\u00e7as clim\u00e1ticas e a pandemia, e buscar\u00e1 estrat\u00e9gias sustent\u00e1veis para proteger o patrim\u00f4nio mundial e aumentar a resili\u00eancia a crises futuras.<\/p>\n\n\n\n<p class=\"has-medium-font-size\"><strong>Por que Am\u00e9rica do Sul e Lima?<\/strong><\/p>\n\n\n\n<p class=\"has-medium-font-size\">Lima foi escolhida como sede principal para destacar os desafios e a rica heran\u00e7a cultural do Peru, servindo como ponto de partida para abordar problemas semelhantes enfrentados por muitos pa\u00edses. O congresso pretende ser um catalisador para aumentar a visibilidade do IIC na regi\u00e3o e criar um legado duradouro de conex\u00e3o entre profissionais e programas de treinamento.<\/p>\n\n\n\n<p class=\"has-medium-font-size\"><strong>Hub Brasil<\/strong><\/p>\n\n\n\n<p class=\"has-medium-font-size\">Para expandir o alcance do congresso, haver\u00e1 um hub Brasil, com diversos polos espalhados pelo pa\u00eds. Estes polos permitir\u00e3o que estudantes e profissionais comprometidos com a conserva\u00e7\u00e3o e restaura\u00e7\u00e3o se re\u00fanam presencialmente para assistir ao congresso, compartilhar experi\u00eancias e fortalecer suas redes profissionais.<\/p>\n\n\n\n<p class=\"has-medium-font-size\">Para mais informa\u00e7\u00f5es, visite a <a href=\"https:\/\/www.iiconservation.org\/iic-lima-congress-2024\">p\u00e1gina oficial do congresso<\/a>.<\/p>\n","protected":false},"excerpt":{"rendered":"<p>O Instituto Internacional para a Conserva\u00e7\u00e3o de Obras Hist\u00f3ricas e Art\u00edsticas (IIC) e o Centro de Pesquisa para a Conserva\u00e7\u00e3o do Patrim\u00f4nio da Universidade de Engenharia e Tecnologia (UTEC) em Lima t\u00eam o prazer de anunciar que o 30\u00ba Congresso Bienal do IIC 2024 ser\u00e1 realizado em Lima, Peru, e transmitido online. Tema do Congresso: [&hellip;]<\/p>\n","protected":false},"author":1,"featured_media":0,"parent":0,"menu_order":0,"comment_status":"closed","ping_status":"closed","template":"","meta":{"footnotes":""},"class_list":["post-45","page","type-page","status-publish","hentry"],"jetpack_sharing_enabled":true,"_links":{"self":[{"href":"https:\/\/cecor.eba.ufmg.br\/hub-brasil-iic\/wp-json\/wp\/v2\/pages\/45","targetHints":{"allow":["GET"]}}],"collection":[{"href":"https:\/\/cecor.eba.ufmg.br\/hub-brasil-iic\/wp-json\/wp\/v2\/pages"}],"about":[{"href":"https:\/\/cecor.eba.ufmg.br\/hub-brasil-iic\/wp-json\/wp\/v2\/types\/page"}],"author":[{"embeddable":true,"href":"https:\/\/cecor.eba.ufmg.br\/hub-brasil-iic\/wp-json\/wp\/v2\/users\/1"}],"replies":[{"embeddable":true,"href":"https:\/\/cecor.eba.ufmg.br\/hub-brasil-iic\/wp-json\/wp\/v2\/comments?post=45"}],"version-history":[{"count":1,"href":"https:\/\/cecor.eba.ufmg.br\/hub-brasil-iic\/wp-json\/wp\/v2\/pages\/45\/revisions"}],"predecessor-version":[{"id":46,"href":"https:\/\/cecor.eba.ufmg.br\/hub-brasil-iic\/wp-json\/wp\/v2\/pages\/45\/revisions\/46"}],"wp:attachment":[{"href":"https:\/\/cecor.eba.ufmg.br\/hub-brasil-iic\/wp-json\/wp\/v2\/media?parent=45"}],"curies":[{"name":"wp","href":"https:\/\/api.w.org\/{rel}","templated":true}]}}